 hundreds digit of 2711944?
9
What is the millions digit of 2362242?
2
What is the thousands digit of 4095614?
5
What is the thousands digit of 174952?
4
What is the units digit of 4080014?
4
What is the thousands digit of 174525?
4
What is the tens digit of 839094?
9
What is the thousands digit of 10508321?
8
What is the tens digit of 2266040?
4
What is the tens digit of 32061193?
9
What is the tens digit of 928195?
9
What is the units digit of 1901684?
4
What is the units digit of 1471399?
9
What is the units digit of 4207339?
9
What is the hundreds digit of 643129?
1
What is the ten thousands digit of 85758?
8
What is the units digit of 133149?
9
What is the units digit of 5760844?
4
What is the thousands digit of 66119?
6
What is the hundreds digit of 5320091?
0
What is the tens digit of 34681?
8
What is the millions digit of 6161758?
6
What is the tens digit of 810740?
4
What is the millions digit of 4971820?
4
What is the ten thousands digit of 4488529?
8
What is the hundred thousands digit of 323719?
3
What is the hundreds digit of 15285406?
4
What is the units digit of 4873728?
8
What is the tens digit of 70631?
3
What is the hundred thousands digit of 11633756?
6
What is the units digit of 235071?
1
What is the hundreds digit of 28303?
3
What is the units digit of 305877?
7
What is the ten thousands digit of 546903?
4
What is the thousands digit of 35025222?
5
What is the tens digit of 4716845?
4
What is the ten thousands digit of 88075?
8
What is the ten millions digit of 11143393?
1
What is the tens digit of 109344?
4
What is the tens digit of 19066245?
4
What is the units digit of 779317?
7
What is the ten thousands digit of 1128415?
2
What is the tens digit of 688009?
0
What is the hundreds digit of 336663?
6
What is the hundred thousands digit of 511946?
5
What is the millions digit of 3781949?
3
What is the thousands digit of 92796?
2
What is the tens digit of 321012?
1
What is the tens digit of 6513330?
3
What is the hundreds digit of 795994?
9
What is the hundred thousands digit of 8234661?
2
What is the tens digit of 543244?
4
What is the hundreds digit of 8458785?
7
What is the tens digit of 1656086?
8
What is the hundred thousands digit of 3683915?
6
What is the units digit of 474218?
8
What is the thousands digit of 5580788?
0
What is the thousands digit of 32185?
2
What is the tens digit of 142776?
7
What is the tens digit of 12314290?
9
What is the ten thousands digit of 816181?
1
What is the hundreds digit of 6789647?
6
What is the ten thousands digit of 19885418?
8
What is the tens digit of 3324396?
9
What is the hundreds digit of 149369?
3
What is the tens digit of 100065?
6
What is the tens digit of 86301?
0
What is the hundreds digit of 72552?
5
What is the ten thousands digit of 6176875?
7
What is the ten thousands digit of 13115074?
1
What is the hundreds digit of 478311?
3
What is the hundreds digit of 210032?
0
What is the millions digit of 7631482?
7
What is the thousands digit of 621193?
1
What is the ten thousands digit of 1015635?
1
What is the hundred thousands digit of 122788?
1
What is the tens digit of 970933?
3
What is the hundreds digit of 10128116?
1
What is the thousands digit of 15417422?
7
What is the ten thousands digit of 71055?
7
What is the millions digit of 1208945?
1
What is the hundreds digit of 363108?
1
What is the thousands digit of 62922?
2
What is the units digit of 552265?
5
What is the millions digit of 2797660?
2
What is the units digit of 818837?
7
What is the units digit of 177388?
8
What is the tens digit of 1731264?
6
What is the ten thousands digit of 5001849?
0
What is the hundred thousands digit of 7387971?
3
What is the thousands digit of 8781760?
1
What is the units digit of 2817406?
6
What is the ten thousands digit of 8444125?
4
What is the tens digit of 620633?
3
What is the ten thousands digit of 176627?
7
What is the thousands digit of 3301076?
1
What is the millions digit of 5352607?
5
What is the tens digit of 5535116?
1
What is the units digit of 2422304?
4
What is the hundred thousands digit of 145674?
1
What is the ten thousands digit of 1805862?
0
What is the ten thousands digit of 1037759?
3
What is the thousands digit of 4589070?
9
What is the units digit of 4914887?
7
What is the tens digit of 4998500?
0
What is the millions digit of 3200544?
3
What is the ten millions digit of 28690999?
2
What is the units digit of 62973?
3
What is the hundreds digit of 1628508?
5
What is the ten thousands digit of 29413?
2
What is the thousands digit of 2232543?
2
What is the hundreds digit of 4516626?
6
What is the thousands digit of 2475999?
5
What is the thousands digit of 1565954?
5
What is the tens digit of 264607?
0
What is the hundreds digit of 190701?
7
What is the ten thousands digit of 20160860?
6
What is the millions digit of 1831128?
1
What is the units digit of 77189?
9
What is the units digit of 3097181?
1
What is the ten thousands digit of 3029388?
2
What is the hundred thousands digit of 143081?
1
What is the tens digit of 197020?
2
What is the tens digit of 9839730?
3
What is the tens digit of 276790?
9
What is the tens digit of 6148001?
0
What is the tens digit of 987830?
3
What is the ten thousands digit of 296691?
9
What is the millions digit of 1425884?
1
What is the hundred thousands digit of 294083?
2
What is the hundred thousands digit of 2644333?
6
What is the millions digit of 1073754?
1
What is the units digit of 283857?
7
What is the millions digit of 1658467?
1
What is the ten thousands digit of 15494?
1
What is the hundreds digit of 2359939?
9
What is the ten thousands digit of 847971?
4
What is the thousands digit of 24151869?
1
What is the thousands digit of 291233?
1
What is the hundreds digit of 4425077?
0
What is the units digit of 1641427?
7
What is the units digit of 28169856?
6
What is the tens digit of 7647645?
4
What is the hundreds digit of 1404520?
5
What is the millions digit of 2485647?
2
What is the hundred thousands digit of 235972?
2
What is the millions digit of 2682186?
2
What is the thousands digit of 2701877?
1
What is the tens digit of 2214012?
1
What is the tens digit of 2749311?
1
What is the thousands digit of 6084427?
4
What is the hundreds digit of 110232?
2
What is the ten thousands digit of 13753018?
5
What is the millions digit of 6780731?
6
What is the ten thousands digit of 66914?
6
What is the tens digit of 98052?
5
What is the hundred thousands digit of 517735?
5
What is the tens digit of 356217?
1
What is the tens digit of 919916?
1
What is the hundred thousands digit of 353143?
3
What is the hundred thousands digit of 265207?
2
What is the units digit of 965744?
4
What is the thousands digit of 2476957?
6
What is the ten thousands digit of 1381853?
8
What is the ten thousands digit of 7029493?
2
What is the thousands digit of 272813?
2
What is the ten thousands digit of 13457234?
5
What is the millions digit of 20036144?
0
What is the tens digit of 156859?
5
What is the millions digit of 45070039?
5
What is the hundred thousands digit of 10228559?
2
What is the hundred thousands digit of 2023885?
0
What is the thousands digit of 1512153?
2
What is the millions digit of 16732439?
6
What is the hundred thousands digit of 249231?
2
What is the hundreds digit of 59133?
1
What is the hundred thousands digit of 563687?
5
What is the ten thousands digit of 453077?
5
What is the millions digit of 16073226?
6
What is the hundreds digit of 1435806?
8
What is the ten thousands digit of 539644?
3
What is the tens digit of 6708460?
6
What is the units digit of 163548?
8
What is the units digit of 3946359?
9
What is the ten thousands digit of 321480?
2
What is the thousands digit of 3059210?
9
What is the units digit of 24901?
1
What is the units digit of 2331617?
7
What is the tens digit of 844932?
3
What is the ten thousands digit of 34814371?
1
What is the tens digit of 74791?
9
What is the hundred thousands digit of 906282?
9
What is the hundreds digit of 533405?
4
What is the thousands digit of 2116719?
6
What is the tens digit of 1190649?
4
What is the hundreds digit of 698384?
3
What is the units digit of 13468257?
7
What is the millions digit of 17224952?
7
What is the thousands digit of 1192230?
2
What is the h